{"id":6,"date":"2015-10-26T11:21:31","date_gmt":"2015-10-26T10:21:31","guid":{"rendered":"http:\/\/cycloclubreplonges.fr\/?page_id=6"},"modified":"2026-01-12T22:19:43","modified_gmt":"2026-01-12T21:19:43","slug":"presentation","status":"publish","type":"page","link":"https:\/\/cycloclubreplonges.fr\/index.php\/presentation\/","title":{"rendered":"Pr\u00e9sentation"},"content":{"rendered":"<h3>Qui sommes nous?<\/h3>\n<p>Cr\u00e9\u00e9 en 1987, le Cyclo Club de Replonges, affili\u00e9<br \/>\n&#8211; \u00e0 la FSGT<br \/>\n&#8211; \u00e0 la FFC<br \/>\ncompte 43 licenci\u00e9s.<br \/>\nCeux-ci prennent part, sur route, \u00e0 des courses en ligne, courses contre la montre, cyclosportives\u00a0et en VTT \u00e0 des courses et des randonn\u00e9es.<br \/>\nIls participent \u00e0 des \u00e9preuves qui se d\u00e9roulent principalement en Bourgogne et Rh\u00f4ne-Alpes,\u00a0notamment dans l&rsquo;Ain, le Rh\u00f4ne et la Sa\u00f4ne-et-Loire.<br \/>\nLe Cyclo Club organise chaque ann\u00e9e, en mars, une course en ligne (160 coureurs en 2025), en juin une randonn\u00e9e, la Ripalonga (en moyenne 200 participants), dont ce sera la 40\u00e8me\u00a0 \u00e9dition en 2026 et en novembre le Gentleman du Poulet<\/p>\n<h3>Les courses<\/h3>\n<p>Le Cyclo Club c\u2019est une quinzaine de coureurs qui participent aux courses en ligne organis\u00e9es en Rh\u00f4ne-Alpes et Bourgogne ainsi qu&rsquo;aux championnats r\u00e9gionaux et nationaux.<\/p>\n<h3>Les Contre la montre<\/h3>\n<p>Les coureurs s\u2019alignent aussi dans des courses contre la montre en individuel ou par \u00e9quipe deux trois ou quatre .<\/p>\n<p>&nbsp;<\/p>\n<h3>Les Cyclosportives<\/h3>\n<p>En 2018 des licenci\u00e9s ont pris part\u00a0\u00e0 de grandes cyclosportives comme La\u00a0Bisou \u00e0 Bourg en Bresse, plus de 1000 coureurs, La Bourguignonne \u00e0 M\u00e2con,\u00a0l\u2019Etape du tour de France, le raid du\u00a0Bugey, l\u2019Etape du tour de l\u2019Ain.<\/p>\n<h3>Les randonn\u00e9es, rallyes<\/h3>\n<p>Les Cyclos Replongeards\u00a0participent \u00e0 des randonn\u00e9es organis\u00e9es par\u00a0les clubs de la r\u00e9gion et un peu\u00a0partout en France. Chaque ann\u00e9e,\u00a0le club est pr\u00e9sent \u00e0 L\u2019Ard\u00e9choise\u00a0(15000 coureurs).<\/p>\n<h3>VTT<\/h3>\n<p>Un groupe de licenci\u00e9s pratique\u00a0\u00e9galement le VTT en randonn\u00e9e\u00a0et en comp\u00e9tition avec des\u00a0\u00e9preuves comme le Roc d\u2019Azur\u00a0(\u00e0 Fr\u00e9jus, plus de 20 000 participants),\u00a0le Roc des Alpes ou encore\u00a0le challenge Offroad (Classement\u00a0sur plusieurs \u00e9preuves\u00a0nationales), La Foresti\u00e8re \u00e0\u00a0Arbent.<\/p>\n<p>&nbsp;<\/p>\n<h3>Au total les licenci\u00e9s du club parcourent lors des sorties\u00a0d\u2019entrainement et \u00e9preuves de toute nature plus de 200\u00a0000\u00a0kilom\u00e8tres par an, ce qui assure une tr\u00e8s bonne visibilit\u00e9 du maillot.<\/h3>\n<p>&nbsp;<\/p>\n","protected":false},"excerpt":{"rendered":"<p>Qui sommes nous? Cr\u00e9\u00e9 en 1987, le Cyclo Club de Replonges, affili\u00e9 &#8211; \u00e0 la FSGT &#8211; \u00e0 la FFC compte 43 licenci\u00e9s. Ceux-ci prennent part, sur route, \u00e0 des courses en ligne, courses contre la montre, cyclosportives\u00a0et en VTT \u00e0 des courses et des randonn\u00e9es. Ils participent \u00e0 des \u00e9preuves qui se d\u00e9roulent principalement [&hellip;]<\/p>\n","protected":false},"author":1,"featured_media":0,"parent":0,"menu_order":0,"comment_status":"closed","ping_status":"closed","template":"","meta":{"ngg_post_thumbnail":0,"footnotes":""},"class_list":["post-6","page","type-page","status-publish","hentry"],"_links":{"self":[{"href":"https:\/\/cycloclubreplonges.fr\/index.php\/wp-json\/wp\/v2\/pages\/6","targetHints":{"allow":["GET"]}}],"collection":[{"href":"https:\/\/cycloclubreplonges.fr\/index.php\/wp-json\/wp\/v2\/pages"}],"about":[{"href":"https:\/\/cycloclubreplonges.fr\/index.php\/wp-json\/wp\/v2\/types\/page"}],"author":[{"embeddable":true,"href":"https:\/\/cycloclubreplonges.fr\/index.php\/wp-json\/wp\/v2\/users\/1"}],"replies":[{"embeddable":true,"href":"https:\/\/cycloclubreplonges.fr\/index.php\/wp-json\/wp\/v2\/comments?post=6"}],"version-history":[{"count":15,"href":"https:\/\/cycloclubreplonges.fr\/index.php\/wp-json\/wp\/v2\/pages\/6\/revisions"}],"predecessor-version":[{"id":3813,"href":"https:\/\/cycloclubreplonges.fr\/index.php\/wp-json\/wp\/v2\/pages\/6\/revisions\/3813"}],"wp:attachment":[{"href":"https:\/\/cycloclubreplonges.fr\/index.php\/wp-json\/wp\/v2\/media?parent=6"}],"curies":[{"name":"wp","href":"https:\/\/api.w.org\/{rel}","templated":true}]}}