{"id":14,"date":"2015-10-26T11:23:42","date_gmt":"2015-10-26T10:23:42","guid":{"rendered":"http:\/\/cycloclubreplonges.fr\/?page_id=14"},"modified":"2026-01-14T21:32:57","modified_gmt":"2026-01-14T20:32:57","slug":"le-bureau","status":"publish","type":"page","link":"https:\/\/cycloclubreplonges.fr\/index.php\/le-bureau\/","title":{"rendered":"Le bureau"},"content":{"rendered":"<h3>Pr\u00e9sident : BERRY Fran\u00e7ois :<\/h3>\n<hr \/>\n<h3>Tr\u00e9sori\u00e8re : POMMIER Annick :<\/h3>\n<hr \/>\n<h3>Secr\u00e9taire :\u00a0 EMORINE Sylvain<\/h3>\n<hr \/>\n<h3><\/h3>\n","protected":false},"excerpt":{"rendered":"<p>Pr\u00e9sident : BERRY Fran\u00e7ois : Tr\u00e9sori\u00e8re : POMMIER Annick : Secr\u00e9taire :\u00a0 EMORINE Sylvain<\/p>\n","protected":false},"author":1,"featured_media":0,"parent":0,"menu_order":0,"comment_status":"closed","ping_status":"closed","template":"","meta":{"ngg_post_thumbnail":0,"footnotes":""},"class_list":["post-14","page","type-page","status-publish","hentry"],"_links":{"self":[{"href":"https:\/\/cycloclubreplonges.fr\/index.php\/wp-json\/wp\/v2\/pages\/14","targetHints":{"allow":["GET"]}}],"collection":[{"href":"https:\/\/cycloclubreplonges.fr\/index.php\/wp-json\/wp\/v2\/pages"}],"about":[{"href":"https:\/\/cycloclubreplonges.fr\/index.php\/wp-json\/wp\/v2\/types\/page"}],"author":[{"embeddable":true,"href":"https:\/\/cycloclubreplonges.fr\/index.php\/wp-json\/wp\/v2\/users\/1"}],"replies":[{"embeddable":true,"href":"https:\/\/cycloclubreplonges.fr\/index.php\/wp-json\/wp\/v2\/comments?post=14"}],"version-history":[{"count":13,"href":"https:\/\/cycloclubreplonges.fr\/index.php\/wp-json\/wp\/v2\/pages\/14\/revisions"}],"predecessor-version":[{"id":3830,"href":"https:\/\/cycloclubreplonges.fr\/index.php\/wp-json\/wp\/v2\/pages\/14\/revisions\/3830"}],"wp:attachment":[{"href":"https:\/\/cycloclubreplonges.fr\/index.php\/wp-json\/wp\/v2\/media?parent=14"}],"curies":[{"name":"wp","href":"https:\/\/api.w.org\/{rel}","templated":true}]}}